{"id":8,"date":"2019-04-02T16:06:30","date_gmt":"2019-04-02T16:06:30","guid":{"rendered":"http:\/\/lacavaplatjadaro.com\/?page_id=8"},"modified":"2019-08-01T16:26:54","modified_gmt":"2019-08-01T16:26:54","slug":"index","status":"publish","type":"page","link":"https:\/\/lacavaplatjadaro.com\/index.php\/index\/","title":{"rendered":"Index"},"content":{"rendered":"<p>[et_pb_section bb_built=\u00bb1&#8243; fullwidth=\u00bbon\u00bb _builder_version=\u00bb3.19.8&#8243; next_background_color=\u00bb#000000&#8243;][et_pb_fullwidth_slider _builder_version=\u00bb3.19.8&#8243; body_text_color=\u00bb#000000&#8243; custom_button=\u00bbon\u00bb button_text_color=\u00bb#ffffff\u00bb button_bg_color=\u00bb#912384&#8243; button_font=\u00bb||||||||\u00bb][et_pb_slide heading=\u00bbBENVINGUTS A LA CAVA\u00bb button_text=\u00bbEL TEU ESTANC A PLATJA D&#8217;ARO I MOLT M\u00c9S&#8230;\u00bb use_bg_overlay=\u00bboff\u00bb use_text_overlay=\u00bboff\u00bb _builder_version=\u00bb3.19.8&#8243; body_font=\u00bb||||||||\u00bb body_text_color=\u00bb#ffffff\u00bb background_color=\u00bb#7EBEC5&#8243; background_image=\u00bbhttps:\/\/lacavaplatjadaro.com\/wp-content\/uploads\/2019\/04\/LA-CAVA_BANNER-1.jpg\u00bb button_on_hover=\u00bbon\u00bb][\/et_pb_slide][\/et_pb_fullwidth_slider][\/et_pb_section][et_pb_section bb_built=\u00bb1&#8243; _builder_version=\u00bb3.19.8&#8243; custom_padding=\u00bb11px|0px|27px|0px|false|false\u00bb prev_background_color=\u00bb#000000&#8243; next_background_color=\u00bb#000000&#8243; module_id=\u00bbproductes\u00bb][et_pb_row use_custom_width=\u00bbon\u00bb width_unit=\u00bboff\u00bb custom_width_percent=\u00bb100%\u00bb use_custom_gutter=\u00bbon\u00bb gutter_width=\u00bb2&#8243; custom_padding=\u00bb46px|0px|33px|0px|false|false\u00bb _builder_version=\u00bb3.19.8&#8243;][et_pb_column type=\u00bb1_3&#8243;][et_pb_text _builder_version=\u00bb3.19.8&#8243; background_image=\u00bbhttps:\/\/lacavaplatjadaro.com\/wp-content\/uploads\/2019\/08\/CIGARRETSS.jpg\u00bb custom_padding=\u00bb||285px\u00bb animation_style=\u00bbfade\u00bb filter_brightness__hover_enabled=\u00bbon\u00bb filter_brightness__hover=\u00bb160%\u00bb link_option_url=\u00bbhttps:\/\/lacavaplatjadaro.com\/index.php\/index\/#mapa\u00bb \/][et_pb_text _builder_version=\u00bb3.19.8&#8243; background_image=\u00bbhttps:\/\/lacavaplatjadaro.com\/wp-content\/uploads\/2019\/04\/ART_FUMANDOR2.jpg\u00bb custom_padding=\u00bb||285px\u00bb animation_style=\u00bbfade\u00bb filter_brightness__hover_enabled=\u00bbon\u00bb filter_brightness__hover=\u00bb160%\u00bb link_option_url=\u00bbhttps:\/\/lacavaplatjadaro.com\/index.php\/index\/#mapa\u00bb \/][\/et_pb_column][et_pb_column type=\u00bb1_3&#8243;][et_pb_text _builder_version=\u00bb3.19.8&#8243; background_image=\u00bbhttps:\/\/lacavaplatjadaro.com\/wp-content\/uploads\/2019\/08\/CIGARS.jpg\u00bb max_width_last_edited=\u00bboff|desktop\u00bb custom_padding=\u00bb||285px\u00bb filter_brightness=\u00bb131%\u00bb animation_style=\u00bbfade\u00bb filter_brightness__hover_enabled=\u00bbon\u00bb filter_brightness__hover=\u00bb160%\u00bb link_option_url=\u00bbhttps:\/\/lacavaplatjadaro.com\/index.php\/index\/#mapa\u00bb \/][et_pb_text _builder_version=\u00bb3.19.8&#8243; background_image=\u00bbhttps:\/\/lacavaplatjadaro.com\/wp-content\/uploads\/2019\/04\/cigarrets_electronics-1.jpg\u00bb custom_padding=\u00bb||285px\u00bb animation_style=\u00bbfade\u00bb filter_brightness__hover_enabled=\u00bbon\u00bb filter_brightness__hover=\u00bb160%\u00bb link_option_url=\u00bbhttps:\/\/lacavaplatjadaro.com\/index.php\/index\/#mapa\u00bb \/][\/et_pb_column][et_pb_column type=\u00bb1_3&#8243;][et_pb_text _builder_version=\u00bb3.19.8&#8243; background_image=\u00bbhttps:\/\/lacavaplatjadaro.com\/wp-content\/uploads\/2019\/04\/Pipes-2.jpg\u00bb custom_padding=\u00bb||285px\u00bb animation_style=\u00bbfade\u00bb filter_brightness__hover_enabled=\u00bbon\u00bb filter_brightness__hover=\u00bb160%\u00bb link_option_url=\u00bbhttps:\/\/lacavaplatjadaro.com\/index.php\/index\/#mapa\u00bb \/][et_pb_text _builder_version=\u00bb3.19.8&#8243; background_image=\u00bbhttps:\/\/lacavaplatjadaro.com\/wp-content\/uploads\/2019\/04\/articles_regals-1.jpg\u00bb custom_padding=\u00bb||285px\u00bb animation_style=\u00bbfade\u00bb filter_brightness__hover_enabled=\u00bbon\u00bb filter_brightness__hover=\u00bb160%\u00bb link_option_url=\u00bbhttps:\/\/lacavaplatjadaro.com\/index.php\/index\/#mapa\u00bb \/][\/et_pb_column][\/et_pb_row][\/et_pb_section][et_pb_section bb_built=\u00bb1&#8243; _builder_version=\u00bb3.19.8&#8243; background_image=\u00bbhttps:\/\/lacavaplatjadaro.com\/wp-content\/uploads\/2019\/04\/LA-CAVA_BANNER.jpg\u00bb custom_padding=\u00bb18px|0px|33px|0px|false|false\u00bb prev_background_color=\u00bb#ffffff\u00bb next_background_color=\u00bb#ffffff\u00bb module_id=\u00bbserveis\u00bb][et_pb_row _builder_version=\u00bb3.19.8&#8243; module_alignment=\u00bbcenter\u00bb][et_pb_column type=\u00bb4_4&#8243;][et_pb_text _builder_version=\u00bb3.19.8&#8243; text_font=\u00bb||||||||\u00bb header_font=\u00bb||||||||\u00bb header_text_align=\u00bbcenter\u00bb header_text_color=\u00bb#ffffff\u00bb]<\/p>\n<h1><span style=\"font-family: inherit; font-weight: normal;\">Serveis<\/span><\/h1>\n<p>&nbsp;<\/p>\n<p>[\/et_pb_text][et_pb_divider color=\u00bb#ffffff\u00bb _builder_version=\u00bb3.19.8&#8243; max_width=\u00bb27%\u00bb module_alignment=\u00bbcenter\u00bb custom_margin=\u00bb-38px|0px||0px\u00bb custom_padding=\u00bb|||\u00bb]<\/p>\n<p>[\/et_pb_divider][\/et_pb_column][\/et_pb_row][et_pb_row make_fullwidth=\u00bbon\u00bb custom_padding=\u00bb18px|0px|14px|0px|false|false\u00bb _builder_version=\u00bb3.19.8&#8243;][et_pb_column type=\u00bb1_2&#8243;][et_pb_slider _builder_version=\u00bb3.19.8&#8243; background_color=\u00bbrgba(255,255,255,0)\u00bb border_radii=\u00bbon|5px|5px|5px|5px\u00bb custom_margin=\u00bb-10px||0px\u00bb custom_padding=\u00bb0px||0px\u00bb auto=\u00bbon\u00bb auto_speed=\u00bb4000&#8243; auto_ignore_hover=\u00bbon\u00bb][et_pb_slide image=\u00bbhttps:\/\/lacavaplatjadaro.com\/wp-content\/uploads\/2019\/04\/maquina1.png\u00bb use_bg_overlay=\u00bboff\u00bb use_text_overlay=\u00bboff\u00bb _builder_version=\u00bb3.19.8&#8243; button_on_hover=\u00bbon\u00bb][\/et_pb_slide][et_pb_slide image=\u00bbhttps:\/\/lacavaplatjadaro.com\/wp-content\/uploads\/2019\/04\/maquina2.png\u00bb use_bg_overlay=\u00bboff\u00bb use_text_overlay=\u00bboff\u00bb _builder_version=\u00bb3.19.8&#8243; button_on_hover=\u00bbon\u00bb][\/et_pb_slide][et_pb_slide image=\u00bbhttps:\/\/lacavaplatjadaro.com\/wp-content\/uploads\/2019\/04\/maquina3.png\u00bb use_bg_overlay=\u00bboff\u00bb use_text_overlay=\u00bboff\u00bb _builder_version=\u00bb3.19.8&#8243; button_on_hover=\u00bbon\u00bb][\/et_pb_slide][et_pb_slide image=\u00bbhttps:\/\/lacavaplatjadaro.com\/wp-content\/uploads\/2019\/04\/maquina4.png\u00bb use_bg_overlay=\u00bboff\u00bb use_text_overlay=\u00bboff\u00bb _builder_version=\u00bb3.19.8&#8243; button_on_hover=\u00bbon\u00bb][\/et_pb_slide][et_pb_slide image=\u00bbhttps:\/\/lacavaplatjadaro.com\/wp-content\/uploads\/2019\/04\/maquina5.png\u00bb use_bg_overlay=\u00bboff\u00bb use_text_overlay=\u00bboff\u00bb _builder_version=\u00bb3.19.8&#8243; button_on_hover=\u00bbon\u00bb][\/et_pb_slide][\/et_pb_slider][\/et_pb_column][et_pb_column type=\u00bb1_2&#8243;][et_pb_text _builder_version=\u00bb3.19.8&#8243; text_font=\u00bb||||||||\u00bb text_text_color=\u00bb#ffffff\u00bb header_font=\u00bb||||||||\u00bb header_text_color=\u00bb#ffffff\u00bb header_line_height=\u00bb0.9em\u00bb custom_margin=\u00bb196px||\u00bb]<\/p>\n<h1><span style=\"font-family: inherit; font-weight: normal;\">M\u00e0quines de Vending<\/span><\/h1>\n<p><span>Si ets professional de l&#8217;hostaleria i est\u00e0s interessat a tenir una m\u00e0quina de tabac al teu local, aqu\u00ed amb nosaltres la podr\u00e0s tenir, sempre que compleixis la llei vigent, et felicitarem la soluci\u00f3 que millor adopti les teves necessitats. No dubtis en contactar.<\/span><\/p>\n<p><span style=\"font-family: inherit; font-weight: normal;\"><\/span><br \/> <span style=\"font-family: inherit; font-weight: normal;\"><\/span><\/p>\n<p>&nbsp;<\/p>\n<p>[\/et_pb_text][\/et_pb_column][\/et_pb_row][\/et_pb_section][et_pb_section bb_built=\u00bb1&#8243; fullwidth=\u00bboff\u00bb specialty=\u00bboff\u00bb prev_background_color=\u00bb#000000&#8243; next_background_color=\u00bb#000000&#8243;][et_pb_row][et_pb_column type=\u00bb4_4&#8243;][et_pb_text _builder_version=\u00bb3.19.8&#8243; header_text_align=\u00bbcenter\u00bb header_text_color=\u00bb#000000&#8243; text_text_color=\u00bb#000000&#8243; border_color_all=\u00bb#000000&#8243;]<\/p>\n<h1><span style=\"font-family: inherit; font-weight: normal;\">Actualitat<\/span><\/h1>\n<p>&nbsp;<\/p>\n<p>[\/et_pb_text][et_pb_divider _builder_version=\u00bb3.19.8&#8243; max_width=\u00bb34%\u00bb module_alignment=\u00bbcenter\u00bb custom_margin=\u00bb-38px|0px||0px\u00bb custom_padding=\u00bb|||\u00bb]<\/p>\n<p>[\/et_pb_divider][et_pb_blog _builder_version=\u00bb3.19.8&#8243; include_categories=\u00bb1&#8243; show_author=\u00bboff\u00bb show_date=\u00bboff\u00bb show_categories=\u00bboff\u00bb fullwidth=\u00bboff\u00bb use_overlay=\u00bbon\u00bb \/][\/et_pb_column][\/et_pb_row][\/et_pb_section][et_pb_section bb_built=\u00bb1&#8243; _builder_version=\u00bb3.19.8&#8243; prev_background_color=\u00bb#000000&#8243; module_id=\u00bbmapa\u00bb][et_pb_row][et_pb_column type=\u00bb4_4&#8243;][et_pb_text _builder_version=\u00bb3.19.8&#8243; header_text_align=\u00bbcenter\u00bb header_text_color=\u00bb#000000&#8243; text_text_color=\u00bb#000000&#8243; border_color_all=\u00bb#000000&#8243;]<\/p>\n<h1><span style=\"font-family: inherit; font-weight: normal;\">Localitzaci\u00f3 i Contacte<\/span><\/h1>\n<p>&nbsp;<\/p>\n<p>[\/et_pb_text][et_pb_divider _builder_version=\u00bb3.19.8&#8243; max_width=\u00bb34%\u00bb module_alignment=\u00bbcenter\u00bb custom_margin=\u00bb-38px|0px||0px\u00bb custom_padding=\u00bb|||\u00bb]<\/p>\n<p>[\/et_pb_divider][\/et_pb_column][\/et_pb_row][et_pb_row make_fullwidth=\u00bbon\u00bb _builder_version=\u00bb3.19.8&#8243; background_size=\u00bbinitial\u00bb background_position=\u00bbtop_left\u00bb background_repeat=\u00bbrepeat\u00bb][et_pb_column type=\u00bb1_2&#8243;][et_pb_code _builder_version=\u00bb3.19.8&#8243;]<iframe loading=\"lazy\" src=\"https:\/\/www.google.com\/maps\/embed?pb=!1m18!1m12!1m3!1d2973.3316535793383!2d3.067500115477124!3d41.82115607922669!2m3!1f0!2f0!3f0!3m2!1i1024!2i768!4f13.1!3m3!1m2!1s0x12bb00e845b7b8f7%3A0xab94e4bfbdadf2c6!2sAv.+del+Cavall+Bernat%2C+109%2C+17250+Platja+d'Aro%2C+Girona!5e0!3m2!1sca!2ses!4v1554458102151!5m2!1sca!2ses\" width=\"800\" height=\"370\" frameborder=\"0\" style=\"border:0\" allowfullscreen><\/iframe>[\/et_pb_code][\/et_pb_column][et_pb_column type=\u00bb1_2&#8243;][et_pb_contact_form _builder_version=\u00bb3.19.8&#8243;][et_pb_contact_field field_id=\u00bbNom\u00bb field_title=\u00bbNom\u00bb _builder_version=\u00bb3.19.8&#8243;][\/et_pb_contact_field][et_pb_contact_field field_id=\u00bbCognom\u00bb field_title=\u00bbCognom\u00bb _builder_version=\u00bb3.19.8&#8243;][\/et_pb_contact_field][et_pb_contact_field field_id=\u00bbTelf.\u00bb field_title=\u00bbTelf.\u00bb _builder_version=\u00bb3.19.8&#8243;][\/et_pb_contact_field][et_pb_contact_field field_id=\u00bbEmail\u00bb field_title=\u00bbEmail\u00bb field_type=\u00bbemail\u00bb _builder_version=\u00bb3.19.8&#8243;][\/et_pb_contact_field][et_pb_contact_field field_id=\u00bbMissatge\u00bb field_title=\u00bbMissatge\u00bb field_type=\u00bbtext\u00bb fullwidth_field=\u00bbon\u00bb _builder_version=\u00bb3.19.8&#8243;][\/et_pb_contact_field][\/et_pb_contact_form][\/et_pb_column][\/et_pb_row][\/et_pb_section]<\/p>\n","protected":false},"excerpt":{"rendered":"<p>Serveis &nbsp; M\u00e0quines de Vending Si ets professional de l&#8217;hostaleria i est\u00e0s interessat a tenir una m\u00e0quina de tabac al teu local, aqu\u00ed amb nosaltres la podr\u00e0s tenir, sempre que compleixis la llei vigent, et felicitarem la soluci\u00f3 que millor adopti les teves necessitats. No dubtis en contactar. &nbsp; <div class=\"et_pb_row et_pb_row_0 et_pb_row_empty\">\n\t\t\t\t\n\t\t\t\t\n\t\t\t\t\n\t\t\t\t\n\t\t\t\t\n\t\t\t<\/div> Actualitat &nbsp; <div class=\"et_pb_row et_pb_row_1 et_pb_row_empty\">\n\t\t\t\t\n\t\t\t\t\n\t\t\t\t\n\t\t\t\t\n\t\t\t\t\n\t\t\t<\/div> Localitzaci\u00f3 i [&hellip;]<\/p>\n","protected":false},"author":1,"featured_media":0,"parent":0,"menu_order":0,"comment_status":"closed","ping_status":"closed","template":"","meta":{"_et_pb_use_builder":"on","_et_pb_old_content":"","_et_gb_content_width":"","footnotes":""},"class_list":["post-8","page","type-page","status-publish","hentry"],"yoast_head":"<!-- This site is optimized with the Yoast SEO plugin v26.6 - https:\/\/yoast.com\/wordpress\/plugins\/seo\/ -->\n<title>Index - La Cava Platja d&#039;Aro<\/title>\n<meta name=\"robots\" content=\"index, follow, max-snippet:-1, max-image-preview:large, max-video-preview:-1\" \/>\n<link rel=\"canonical\" href=\"https:\/\/lacavaplatjadaro.com\/index.php\/index\/\" \/>\n<meta property=\"og:locale\" content=\"es_ES\" \/>\n<meta property=\"og:type\" content=\"article\" \/>\n<meta property=\"og:title\" content=\"Index - La Cava Platja d&#039;Aro\" \/>\n<meta property=\"og:description\" content=\"Serveis &nbsp; M\u00e0quines de Vending Si ets professional de l&#039;hostaleria i est\u00e0s interessat a tenir una m\u00e0quina de tabac al teu local, aqu\u00ed amb nosaltres la podr\u00e0s tenir, sempre que compleixis la llei vigent, et felicitarem la soluci\u00f3 que millor adopti les teves necessitats. No dubtis en contactar. &nbsp; Actualitat &nbsp; Localitzaci\u00f3 i [&hellip;]\" \/>\n<meta property=\"og:url\" content=\"https:\/\/lacavaplatjadaro.com\/index.php\/index\/\" \/>\n<meta property=\"og:site_name\" content=\"La Cava Platja d&#039;Aro\" \/>\n<meta property=\"article:modified_time\" content=\"2019-08-01T16:26:54+00:00\" \/>\n<meta name=\"twitter:card\" content=\"summary_large_image\" \/>\n<meta name=\"twitter:label1\" content=\"Tiempo de lectura\" \/>\n\t<meta name=\"twitter:data1\" content=\"6 minutos\" \/>\n<script type=\"application\/ld+json\" class=\"yoast-schema-graph\">{\"@context\":\"https:\/\/schema.org\",\"@graph\":[{\"@type\":\"WebPage\",\"@id\":\"https:\/\/lacavaplatjadaro.com\/index.php\/index\/\",\"url\":\"https:\/\/lacavaplatjadaro.com\/index.php\/index\/\",\"name\":\"Index - La Cava Platja d&#039;Aro\",\"isPartOf\":{\"@id\":\"https:\/\/lacavaplatjadaro.com\/#website\"},\"datePublished\":\"2019-04-02T16:06:30+00:00\",\"dateModified\":\"2019-08-01T16:26:54+00:00\",\"breadcrumb\":{\"@id\":\"https:\/\/lacavaplatjadaro.com\/index.php\/index\/#breadcrumb\"},\"inLanguage\":\"es\",\"potentialAction\":[{\"@type\":\"ReadAction\",\"target\":[\"https:\/\/lacavaplatjadaro.com\/index.php\/index\/\"]}]},{\"@type\":\"BreadcrumbList\",\"@id\":\"https:\/\/lacavaplatjadaro.com\/index.php\/index\/#breadcrumb\",\"itemListElement\":[{\"@type\":\"ListItem\",\"position\":1,\"name\":\"Portada\",\"item\":\"https:\/\/lacavaplatjadaro.com\/\"},{\"@type\":\"ListItem\",\"position\":2,\"name\":\"Index\"}]},{\"@type\":\"WebSite\",\"@id\":\"https:\/\/lacavaplatjadaro.com\/#website\",\"url\":\"https:\/\/lacavaplatjadaro.com\/\",\"name\":\"La Cava Platja d&#039;Aro\",\"description\":\"El teu Estanc a Platja d&#039;Aro i molt m\u00e9s!\",\"potentialAction\":[{\"@type\":\"SearchAction\",\"target\":{\"@type\":\"EntryPoint\",\"urlTemplate\":\"https:\/\/lacavaplatjadaro.com\/?s={search_term_string}\"},\"query-input\":{\"@type\":\"PropertyValueSpecification\",\"valueRequired\":true,\"valueName\":\"search_term_string\"}}],\"inLanguage\":\"es\"}]}<\/script>\n<!-- \/ Yoast SEO plugin. -->","yoast_head_json":{"title":"Index - La Cava Platja d&#039;Aro","robots":{"index":"index","follow":"follow","max-snippet":"max-snippet:-1","max-image-preview":"max-image-preview:large","max-video-preview":"max-video-preview:-1"},"canonical":"https:\/\/lacavaplatjadaro.com\/index.php\/index\/","og_locale":"es_ES","og_type":"article","og_title":"Index - La Cava Platja d&#039;Aro","og_description":"Serveis &nbsp; M\u00e0quines de Vending Si ets professional de l'hostaleria i est\u00e0s interessat a tenir una m\u00e0quina de tabac al teu local, aqu\u00ed amb nosaltres la podr\u00e0s tenir, sempre que compleixis la llei vigent, et felicitarem la soluci\u00f3 que millor adopti les teves necessitats. No dubtis en contactar. &nbsp; Actualitat &nbsp; Localitzaci\u00f3 i [&hellip;]","og_url":"https:\/\/lacavaplatjadaro.com\/index.php\/index\/","og_site_name":"La Cava Platja d&#039;Aro","article_modified_time":"2019-08-01T16:26:54+00:00","twitter_card":"summary_large_image","twitter_misc":{"Tiempo de lectura":"6 minutos"},"schema":{"@context":"https:\/\/schema.org","@graph":[{"@type":"WebPage","@id":"https:\/\/lacavaplatjadaro.com\/index.php\/index\/","url":"https:\/\/lacavaplatjadaro.com\/index.php\/index\/","name":"Index - La Cava Platja d&#039;Aro","isPartOf":{"@id":"https:\/\/lacavaplatjadaro.com\/#website"},"datePublished":"2019-04-02T16:06:30+00:00","dateModified":"2019-08-01T16:26:54+00:00","breadcrumb":{"@id":"https:\/\/lacavaplatjadaro.com\/index.php\/index\/#breadcrumb"},"inLanguage":"es","potentialAction":[{"@type":"ReadAction","target":["https:\/\/lacavaplatjadaro.com\/index.php\/index\/"]}]},{"@type":"BreadcrumbList","@id":"https:\/\/lacavaplatjadaro.com\/index.php\/index\/#breadcrumb","itemListElement":[{"@type":"ListItem","position":1,"name":"Portada","item":"https:\/\/lacavaplatjadaro.com\/"},{"@type":"ListItem","position":2,"name":"Index"}]},{"@type":"WebSite","@id":"https:\/\/lacavaplatjadaro.com\/#website","url":"https:\/\/lacavaplatjadaro.com\/","name":"La Cava Platja d&#039;Aro","description":"El teu Estanc a Platja d&#039;Aro i molt m\u00e9s!","potentialAction":[{"@type":"SearchAction","target":{"@type":"EntryPoint","urlTemplate":"https:\/\/lacavaplatjadaro.com\/?s={search_term_string}"},"query-input":{"@type":"PropertyValueSpecification","valueRequired":true,"valueName":"search_term_string"}}],"inLanguage":"es"}]}},"_links":{"self":[{"href":"https:\/\/lacavaplatjadaro.com\/index.php\/wp-json\/wp\/v2\/pages\/8","targetHints":{"allow":["GET"]}}],"collection":[{"href":"https:\/\/lacavaplatjadaro.com\/index.php\/wp-json\/wp\/v2\/pages"}],"about":[{"href":"https:\/\/lacavaplatjadaro.com\/index.php\/wp-json\/wp\/v2\/types\/page"}],"author":[{"embeddable":true,"href":"https:\/\/lacavaplatjadaro.com\/index.php\/wp-json\/wp\/v2\/users\/1"}],"replies":[{"embeddable":true,"href":"https:\/\/lacavaplatjadaro.com\/index.php\/wp-json\/wp\/v2\/comments?post=8"}],"version-history":[{"count":87,"href":"https:\/\/lacavaplatjadaro.com\/index.php\/wp-json\/wp\/v2\/pages\/8\/revisions"}],"predecessor-version":[{"id":232,"href":"https:\/\/lacavaplatjadaro.com\/index.php\/wp-json\/wp\/v2\/pages\/8\/revisions\/232"}],"wp:attachment":[{"href":"https:\/\/lacavaplatjadaro.com\/index.php\/wp-json\/wp\/v2\/media?parent=8"}],"curies":[{"name":"wp","href":"https:\/\/api.w.org\/{rel}","templated":true}]}}