{"id":245,"date":"2019-08-01T14:34:17","date_gmt":"2019-08-01T14:34:17","guid":{"rendered":"http:\/\/lacavaplatjadaro.com\/?page_id=245"},"modified":"2019-08-01T15:33:10","modified_gmt":"2019-08-01T15:33:10","slug":"verificacio-dedat","status":"publish","type":"page","link":"https:\/\/lacavaplatjadaro.com\/","title":{"rendered":"Verificaci\u00f3 d&#8217;edat"},"content":{"rendered":"<p>[et_pb_section bb_built=\u00bb1&#8243; _builder_version=\u00bb3.19.8&#8243; background_color=\u00bbrgba(255,255,255,0)\u00bb][et_pb_row][et_pb_column type=\u00bb4_4&#8243;][et_pb_contact_form _builder_version=\u00bb3.19.8&#8243; title=\u00bbConfirmi que \u00e9s major d&#8217;edat\u00bb success_message=\u00bbGr\u00e0cies\u00bb submit_button_text=\u00bbS\u00ed , confirmo que s\u00f3c major d&#8217;edat\u00bb captcha=\u00bboff\u00bb use_redirect=\u00bbon\u00bb redirect_url=\u00bb\/index.php\/index\/\u00bb text_orientation=\u00bbcenter\u00bb title_text_color=\u00bb#ffffff\u00bb custom_button=\u00bbon\u00bb button_text_color=\u00bb#000000&#8243; button_bg_color=\u00bb#ffffff\u00bb button_border_color=\u00bb#ffffff\u00bb box_shadow_style=\u00bbpreset1&#8243;][et_pb_contact_field field_title=\u00bbSi \u00e9s major d&#8217;edat, confirmi el seg\u00fcent enlla\u00e7, per accedir a la web, gr\u00e0cies.\u00bb field_type=\u00bbinput\u00bb field_id=\u00bbMessage\u00bb required_mark=\u00bboff\u00bb fullwidth_field=\u00bbon\u00bb _builder_version=\u00bb3.19.8&#8243; checkbox_checked=\u00bboff\u00bb checkbox_options=\u00bb%91{%22value%22:%22Mensaje%22,%22checked%22:0}%93&#8243; radio_options=\u00bb%91{%22value%22:%22Mensaje%22,%22checked%22:0}%93&#8243; select_options=\u00bb%91{%22value%22:%22Mensaje%22,%22checked%22:0}%93&#8243; min_length=\u00bb0&#8243; max_length=\u00bb0&#8243; allowed_symbols=\u00bball\u00bb conditional_logic=\u00bboff\u00bb conditional_logic_relation=\u00bboff\u00bb link_option_url_new_window=\u00bboff\u00bb use_background_color_gradient=\u00bboff\u00bb background_color_gradient_start=\u00bb#2b87da\u00bb background_color_gradient_end=\u00bb#29c4a9&#8243; background_color_gradient_type=\u00bblinear\u00bb background_color_gradient_direction=\u00bb180deg\u00bb background_color_gradient_direction_radial=\u00bbcenter\u00bb background_color_gradient_start_position=\u00bb0%\u00bb background_color_gradient_end_position=\u00bb100%\u00bb background_color_gradient_overlays_image=\u00bboff\u00bb parallax=\u00bboff\u00bb parallax_method=\u00bbon\u00bb background_size=\u00bbcover\u00bb background_position=\u00bbcenter\u00bb background_repeat=\u00bbno-repeat\u00bb background_blend=\u00bbnormal\u00bb allow_player_pause=\u00bboff\u00bb background_video_pause_outside_viewport=\u00bbon\u00bb form_field_text_shadow_style=\u00bbnone\u00bb box_shadow_style=\u00bbnone\u00bb hover_transition_duration=\u00bb300ms\u00bb hover_transition_delay=\u00bb0ms\u00bb hover_transition_speed_curve=\u00bbease\u00bb form_field_text_shadow_horizontal_length=\u00bb0em\u00bb form_field_text_shadow_vertical_length=\u00bb0em\u00bb form_field_text_shadow_blur_strength=\u00bb0em\u00bb \/][\/et_pb_contact_form][\/et_pb_column][\/et_pb_row][\/et_pb_section]<\/p>\n","protected":false},"excerpt":{"rendered":"<div class=\"et_pb_row et_pb_row_0 et_pb_row_empty\">\n\t\t\t\t\n\t\t\t\t\n\t\t\t\t\n\t\t\t\t\n\t\t\t\t\n\t\t\t<\/div>\n","protected":false},"author":1,"featured_media":0,"parent":0,"menu_order":0,"comment_status":"closed","ping_status":"closed","template":"page-template-blank.php","meta":{"_et_pb_use_builder":"on","_et_pb_old_content":"","_et_gb_content_width":"","footnotes":""},"class_list":["post-245","page","type-page","status-publish","hentry"],"yoast_head":"<!-- This site is optimized with the Yoast SEO plugin v26.6 - https:\/\/yoast.com\/wordpress\/plugins\/seo\/ -->\n<title>Verificaci\u00f3 d&#039;edat - La Cava Platja d&#039;Aro<\/title>\n<meta name=\"robots\" content=\"index, follow, max-snippet:-1, max-image-preview:large, max-video-preview:-1\" \/>\n<link rel=\"canonical\" href=\"https:\/\/lacavaplatjadaro.com\/\" \/>\n<meta property=\"og:locale\" content=\"es_ES\" \/>\n<meta property=\"og:type\" content=\"article\" \/>\n<meta property=\"og:title\" content=\"Verificaci\u00f3 d&#039;edat - La Cava Platja d&#039;Aro\" \/>\n<meta property=\"og:url\" content=\"https:\/\/lacavaplatjadaro.com\/\" \/>\n<meta property=\"og:site_name\" content=\"La Cava Platja d&#039;Aro\" \/>\n<meta property=\"article:modified_time\" content=\"2019-08-01T15:33:10+00:00\" \/>\n<meta name=\"twitter:card\" content=\"summary_large_image\" \/>\n<meta name=\"twitter:description\" content=\"[et_pb_row]\" \/>\n<meta name=\"twitter:label1\" content=\"Tiempo de lectura\" \/>\n\t<meta name=\"twitter:data1\" content=\"1 minuto\" \/>\n<script type=\"application\/ld+json\" class=\"yoast-schema-graph\">{\"@context\":\"https:\/\/schema.org\",\"@graph\":[{\"@type\":\"WebPage\",\"@id\":\"https:\/\/lacavaplatjadaro.com\/\",\"url\":\"https:\/\/lacavaplatjadaro.com\/\",\"name\":\"Verificaci\u00f3 d'edat - La Cava Platja d&#039;Aro\",\"isPartOf\":{\"@id\":\"https:\/\/lacavaplatjadaro.com\/#website\"},\"datePublished\":\"2019-08-01T14:34:17+00:00\",\"dateModified\":\"2019-08-01T15:33:10+00:00\",\"breadcrumb\":{\"@id\":\"https:\/\/lacavaplatjadaro.com\/#breadcrumb\"},\"inLanguage\":\"es\",\"potentialAction\":[{\"@type\":\"ReadAction\",\"target\":[\"https:\/\/lacavaplatjadaro.com\/\"]}]},{\"@type\":\"BreadcrumbList\",\"@id\":\"https:\/\/lacavaplatjadaro.com\/#breadcrumb\",\"itemListElement\":[{\"@type\":\"ListItem\",\"position\":1,\"name\":\"Portada\",\"item\":\"https:\/\/lacavaplatjadaro.com\/\"},{\"@type\":\"ListItem\",\"position\":2,\"name\":\"Verificaci\u00f3 d&#8217;edat\"}]},{\"@type\":\"WebSite\",\"@id\":\"https:\/\/lacavaplatjadaro.com\/#website\",\"url\":\"https:\/\/lacavaplatjadaro.com\/\",\"name\":\"La Cava Platja d&#039;Aro\",\"description\":\"El teu Estanc a Platja d&#039;Aro i molt m\u00e9s!\",\"potentialAction\":[{\"@type\":\"SearchAction\",\"target\":{\"@type\":\"EntryPoint\",\"urlTemplate\":\"https:\/\/lacavaplatjadaro.com\/?s={search_term_string}\"},\"query-input\":{\"@type\":\"PropertyValueSpecification\",\"valueRequired\":true,\"valueName\":\"search_term_string\"}}],\"inLanguage\":\"es\"}]}<\/script>\n<!-- \/ Yoast SEO plugin. -->","yoast_head_json":{"title":"Verificaci\u00f3 d'edat - La Cava Platja d&#039;Aro","robots":{"index":"index","follow":"follow","max-snippet":"max-snippet:-1","max-image-preview":"max-image-preview:large","max-video-preview":"max-video-preview:-1"},"canonical":"https:\/\/lacavaplatjadaro.com\/","og_locale":"es_ES","og_type":"article","og_title":"Verificaci\u00f3 d'edat - La Cava Platja d&#039;Aro","og_url":"https:\/\/lacavaplatjadaro.com\/","og_site_name":"La Cava Platja d&#039;Aro","article_modified_time":"2019-08-01T15:33:10+00:00","twitter_card":"summary_large_image","twitter_description":"[et_pb_row]","twitter_misc":{"Tiempo de lectura":"1 minuto"},"schema":{"@context":"https:\/\/schema.org","@graph":[{"@type":"WebPage","@id":"https:\/\/lacavaplatjadaro.com\/","url":"https:\/\/lacavaplatjadaro.com\/","name":"Verificaci\u00f3 d'edat - La Cava Platja d&#039;Aro","isPartOf":{"@id":"https:\/\/lacavaplatjadaro.com\/#website"},"datePublished":"2019-08-01T14:34:17+00:00","dateModified":"2019-08-01T15:33:10+00:00","breadcrumb":{"@id":"https:\/\/lacavaplatjadaro.com\/#breadcrumb"},"inLanguage":"es","potentialAction":[{"@type":"ReadAction","target":["https:\/\/lacavaplatjadaro.com\/"]}]},{"@type":"BreadcrumbList","@id":"https:\/\/lacavaplatjadaro.com\/#breadcrumb","itemListElement":[{"@type":"ListItem","position":1,"name":"Portada","item":"https:\/\/lacavaplatjadaro.com\/"},{"@type":"ListItem","position":2,"name":"Verificaci\u00f3 d&#8217;edat"}]},{"@type":"WebSite","@id":"https:\/\/lacavaplatjadaro.com\/#website","url":"https:\/\/lacavaplatjadaro.com\/","name":"La Cava Platja d&#039;Aro","description":"El teu Estanc a Platja d&#039;Aro i molt m\u00e9s!","potentialAction":[{"@type":"SearchAction","target":{"@type":"EntryPoint","urlTemplate":"https:\/\/lacavaplatjadaro.com\/?s={search_term_string}"},"query-input":{"@type":"PropertyValueSpecification","valueRequired":true,"valueName":"search_term_string"}}],"inLanguage":"es"}]}},"_links":{"self":[{"href":"https:\/\/lacavaplatjadaro.com\/index.php\/wp-json\/wp\/v2\/pages\/245","targetHints":{"allow":["GET"]}}],"collection":[{"href":"https:\/\/lacavaplatjadaro.com\/index.php\/wp-json\/wp\/v2\/pages"}],"about":[{"href":"https:\/\/lacavaplatjadaro.com\/index.php\/wp-json\/wp\/v2\/types\/page"}],"author":[{"embeddable":true,"href":"https:\/\/lacavaplatjadaro.com\/index.php\/wp-json\/wp\/v2\/users\/1"}],"replies":[{"embeddable":true,"href":"https:\/\/lacavaplatjadaro.com\/index.php\/wp-json\/wp\/v2\/comments?post=245"}],"version-history":[{"count":15,"href":"https:\/\/lacavaplatjadaro.com\/index.php\/wp-json\/wp\/v2\/pages\/245\/revisions"}],"predecessor-version":[{"id":279,"href":"https:\/\/lacavaplatjadaro.com\/index.php\/wp-json\/wp\/v2\/pages\/245\/revisions\/279"}],"wp:attachment":[{"href":"https:\/\/lacavaplatjadaro.com\/index.php\/wp-json\/wp\/v2\/media?parent=245"}],"curies":[{"name":"wp","href":"https:\/\/api.w.org\/{rel}","templated":true}]}}